 + 10*p - 10633, 3*m - 10677 = -6*p. What is the remainder when m is divided by 24?
23
Suppose -15*f = -31*f + 80. Suppose 4*a + 262 = f*t, -6*a = -t - 7*a + 56. What is the remainder when 152 is divided by t?
44
Let o = -179 - -320. Suppose 0 = 9*c + 69 + 102. What is the remainder when o is divided by (38/(-12))/c + (-430)/(-12)?
33
Suppose 116*y + 9230 = 258*y. Calculate the remainder when 531 is divided by y.
11
Suppose -7*o + 28 = -5*o + 4*t, 4*o = -5*t + 56. Suppose -26 = -2*v + o. Let h = 186 - 107. Calculate the remainder when h is divided by v.
19
Let u = -238 + 309. Suppose -f + 2*o + 108 = 0, -5*f + o + 602 - u = 0. What is the remainder when f is divided by 55?
51
Suppose 0 = -10*g - v - 46 + 273, -3*g + 75 = -2*v. Calculate the remainder when 5607 is divided by g.
18
Suppose 7*c - 3*c + 130 = 2*v, -v + 59 = 4*c. Suppose -4*g + y - v = -6*g, g - 34 = -y. Calculate the remainder when g is divided by 12.
5
Suppose 1025*r - 48 = 1019*r. Suppose p + r = -4*h + 80, -4*p + 3 = h. What is the remainder when 52 is divided by h?
14
Let o = 15 - 0. Let w(i) = i**2 - 13*i + 78. Calculate the remainder when w(-11) is divided by o.
12
Suppose 506*j - 20923 = 79*j. Suppose 2*q - 3*q + 440 = 0. Calculate the remainder when q is divided by j.
48
Suppose 10619*c - 10612*c - 10395 = 0. Calculate the remainder when c is divided by 17.
6
Suppose 145 = 4*h + 4*r + r, -5*h + r = -203. What is the remainder when 5 + (-3 - 6) + (-210)/(-2) is divided by h?
21
Suppose -3*r = 5*v - 4 - 8, v - 4 = r. Calculate the remainder when 92/9 - (-2)/(-9) is divided by v + (11/4 - 2/(-8)).
4
Suppose 4*n - 2*i = 3*i - 40, 2*i + 2 = -2*n. What is the remainder when 19 is divided by (-2 - n) + 1 + 11?
4
Suppose -7*s - 15 = -2*s. Suppose 0 = -21*d + 865 - 25. What is the remainder when d is divided by (1/s)/((-1)/33)?
7
Let y(j) = 1041*j + 464. Calculate the remainder when y(1) is divided by 42.
35
Suppose 11*j + 237 = 1007. Let w = j - -59. What is the remainder when w is divided by 13?
12
Suppose 25*r = 12767 - 3442. Calculate the remainder when r is divided by 30.
13
Let i(n) be the first derivative of 2*n**2 + 15*n - 128. What is the remainder when -1 + 1/(2/110) is divided by i(0)?
9
Suppose 115*z - 121*z = -6. What is the remainder when 5 is divided by (52/91)/(z + (-18)/21)?
1
Let r = 3514 + -3456. Suppose 2*l - 5 = -5*o + 5, 2*o - 4 = 5*l. Let g(f) = 2*f**3 + f**2 - f + 2. Calculate the remainder when r is divided by g(o).
18
Suppose 0 = 14*b - 48*b + 11560. Let l(f) = 3*f - 4. Let u be l(3). Calculate the remainder when (b/u)/(0 + 2) is divided by 9.
7
Let w = -1447 - -2091. Calculate the remainder when ((-4)/8)/((-2)/w) is divided by 27.
26
Let s(j) = 87*j**2 + 21*j - 40. What is the remainder when s(2) is divided by 177?
173
Let u = 10 - -16. Suppose -3*v + 182 = -109. Let a = 147 - v. What is the remainder when a is divided by u?
24
Let f(p) = -17*p - 57. Let i be f(-5). Let k(y) = -y**2 + 28*y + 35. What is the remainder when 138 is divided by k(i)?
33
Suppose 44*o - 7682 = 56*o - 58*o. What is the remainder when o is divided by ((-2)/3)/((-2)/24)?
7
Let w = 2474 + -2430. Calculate the remainder when 6906 is divided by w.
42
Suppose 7*x - 53 = -18. Suppose 0 = -4*h + x*y + 141, 2*h - 7*y = -3*y + 72. Calculate the remainder when h is divided by (-574)/(-49) - 4/(-14).
10
Let m(n) = -n**3 - 2*n**2 + 5*n - 2. Let v = -19903 + 20061. Calculate the remainder when v is divided by m(-4).
8
Let m = 19 - 14. Suppose 5*s + 3*x = 0, m = 5*s - x + 3*x. Suppose 5*d = s*n + n - 195, 0 = 2*n + d - 115. Calculate the remainder when n is divided by 14.
13
Suppose -60*b + 628 = -59*b. Suppose 1910 + b = 9*w. Calculate the remainder when w is divided by 22.
18
Let m be (-3*2/(-8))/((-9)/(-36)). Calculate the remainder when 207 is divided by (-39 - -4)*4*m/(-6).
67
Let f be 2/(45/(-24) + (4 - 2)). Let y(t) = 5*t - 60. What is the remainder when 34 is divided by y(f)?
14
What is the remainder when 75 is divided by ((-86)/(-4) - 93/186) + (-4)/1?
7
Let l(x) be the third derivative of -11/12*x**4 - 13*x**2 + 0*x - 2*x**3 - 1/30*x**5 + 0. Calculate the remainder when l(-7) is divided by 9.
8
Let l(a) = -a + 30. Let o be l(26). Suppose 2*x - 623 = 7*x + s, -3*s = -o*x - 506. Let q = x - -134. Calculate the remainder when 43 is divided by q.
7
Let d(m) = 18*m + 1. Let c = 17 - 23. Let w(q) = -17*q - 2. Let k(n) = c*d(n) - 4*w(n). What is the remainder when k(-1) is divided by 23?
19
Suppose 2 = 5*y + 2. Suppose 50 = 3*i - 5*p, -5*i + y*i + 108 = 4*p. What is the remainder when 72 is divided by i?
12
Suppose -12*d + 21730 = 3*d + 91*d. Calculate the remainder when d is divided by 35.
30
Suppose 5*j - 146*b = -141*b + 3620, -2157 = -3*j - 2*b. Calculate the remainder when j is divided by 358.
5
Let u = -1842 + 2316. Calculate the remainder when u is divided by 56.
26
Let g = -4702 - -4737. Calculate the remainder when 155 is divided by g.
15
Let k(a) = 4*a**2 - 5*a - 6. Let u be k(-4). Suppose 4*j - 10 = -u. Calculate the remainder when 47 is divided by -3 - -8 - 2 - 3 - j.
13
Let y = 391 + -386. Suppose 4*q = 4*p - 56, -32 = -q + 5*q + 2*p. Calculate the remainder when ((-135)/q)/(6/8) is divided by y.
3
Calculate the remainder when ((-35)/(-15) + -7)*(11 + -416) is divided by 100.
90
Let j = 38 - 32. Let p(g) = -2*g**2 - g - 3. Let v be p(-3). Let k = v - -47. What is the remainder when k is divided by j?
5
Let d(h) = -15*h**3 - 6*h**2 + 6*h + 7. Let a = 403 + -406. What is the remainder when d(a) is divided by 87?
79
Let g = -6107 - -6131. Calculate the remainder when 345 is divided by g.
9
Suppose 6*c = -0*c. Suppose -171 = -3*r - 2*j, 3*r - 2*j + j - 180 = c. What is the remainder when r is divided by 12?
11
Suppose -5*g - 454 - 321 = -5*q, -5*q = -7*g - 787. Calculate the remainder when 1188 is divided by q.
145
Suppose 2*f + 3830 = 5*j + 7*f, 0 = f - 6*f. Calculate the remainder when j is divided by 187.
18
Calculate the remainder when 83/2 + (-13)/26 is divided by (735/35)/(1/(-2) + 2).
13
Let i(p) = 4*p**3 - p**2 + 5. Let g = 2043 + -1847. Calculate the remainder when g is divided by i(2).
31
Let h = 4199 + -3898. Calculate the remainder when h is divided by 14.
7
Suppose 0 = -3*b + 7*a - 3*a, 5*b = -2*a. Suppose 0 = -8*u - b*u + 288. What is the remainder when u is divided by 3?
0
Suppose -209 = -3*p + 232. Suppose 116 = 4*u + 4*h, 4*u + 43 = 2*h + p. What is the remainder when 129 is divided by u?
21
Suppose 4*p + 92*k - 732 = 88*k, 5*k + 509 = 3*p. Calculate the remainder when p is divided by 78.
22
Suppose 76*c + 73*c - 22338 = 131*c. What is the remainder when c is divided by 248?
1
What is the remainder when (-3 - -12)/((-21)/(-91)) is divided by 7?
4
Let j = 20 + -36. Let f(w) = w**2 - 63*w - 370. Calculate the remainder when f(69) is divided by j/(-20)*10*1.
4
What is the remainder when 1601 is divided by (-8)/(-6) + (-52)/(-24) - (-1047)/6?
177
Let w = -312 - -85. Let v = -181 - w. Calculate the remainder when 182 is divided by v.
44
Let x(c) = -5*c - 92. Let j be x(0). Let v = -5 - j. What is the remainder when v is divided by 25?
12
Suppose 4072 - 2435 = 148*x - 6355. What is the remainder when x is divided by 96/9 - (-4)/(-6)?
4
Suppose 23*k - 47 = 75 + 131. What is the remainder when 392 is divided by k?
7
Let x = -1 + 65. Calculate the remainder when x is divided by (-40)/(2 + -6 - (2 + -4)).
4
Suppose k - 2 = l, 0*l + 15 = 5*k - 4*l. Let f be (78/(-52))/((-6)/5912). Calculate the remainder when f/22 + ((-13)/11 - -1) is divided by k.
4
Let u = 51 - 45. Let k = u + 6. What is the remainder when ((-170)/255)/((-4)/342) is divided by k?
9
Let i be (-96)/14 + 22 + (-2)/14. Suppose 3*q - 21 - 48 = 0. Let b = q - i. Calculate the remainder when 31 is divided by b.
7
Suppose 3*j - 3*w = 741, 63*j + 235 = 64*j - 4*w. What is the remainder when j is divided by 118?
15
What is the remainder when 590 is divided by ((-23124)/940)/(1/(-5))?
98
Suppose -3*m + 902 = 4*u, -4*u + 755 = -5*m - 163. Calculate the remainder when u is divided by 44.
7
Let c be (-2345336)/(-637) - (-2)/13. Suppose 0 = -5*j - 5*v + 18 + c, -3*j = -4*v - 2213. What is the remainder when j is divided by 19?
17
Let k be 13*((-15)/(-3) + -78). Let a = -500 - k. What is the remainder when a is divided